{"id":1337,"date":"2017-03-24T11:13:23","date_gmt":"2017-03-24T11:13:23","guid":{"rendered":"http:\/\/www.sonoramajadahonda.com\/?page_id=1337"},"modified":"2024-10-17T14:19:59","modified_gmt":"2024-10-17T14:19:59","slug":"escuela-musica-majadahonda-sonora","status":"publish","type":"page","link":"https:\/\/www.sonoramajadahonda.com\/sonorarecords\/escuela-musica-majadahonda-sonora\/","title":{"rendered":"ESTUDIO DE GRABACION SONORA MAJADAHONDA, PRECIOS"},"content":{"rendered":"<p>[et_pb_section fb_built=\u00bb1&#8243; custom_padding_last_edited=\u00bbon|desktop\u00bb admin_label=\u00bbSecci\u00f3n\u00bb _builder_version=\u00bb3.0.74&#8243; background_image=\u00bbhttps:\/\/www.sonoramajadahonda.com\/sonorarecords\/sonorarecords\/sonorarecords\/wp-content\/uploads\/2017\/03\/bg.jpg\u00bb custom_padding=\u00bb|0|0||false|false\u00bb custom_padding_tablet=\u00bb50px|0|50px|0&#8243; transparent_background=\u00bboff\u00bb][et_pb_row admin_label=\u00bbFila\u00bb _builder_version=\u00bb3.0.48&#8243; background_size=\u00bbinitial\u00bb background_position=\u00bbtop_left\u00bb background_repeat=\u00bbrepeat\u00bb custom_padding=\u00bb0px|0px|48px|0px|false|false\u00bb][et_pb_column type=\u00bb4_4&#8243; _builder_version=\u00bb3.0.47&#8243; parallax=\u00bboff\u00bb parallax_method=\u00bbon\u00bb][et_pb_divider show_divider=\u00bboff\u00bb height=\u00bb33&#8243; admin_label=\u00bbSeparador\u00bb _builder_version=\u00bb3.2&#8243; hide_on_mobile=\u00bboff\u00bb] [\/et_pb_divider][et_pb_text disabled_on=\u00bboff|off|off\u00bb admin_label=\u00bbTexto\u00bb _builder_version=\u00bb3.15&#8243; background_size=\u00bbinitial\u00bb background_position=\u00bbtop_left\u00bb background_repeat=\u00bbrepeat\u00bb text_orientation=\u00bbcenter\u00bb module_alignment=\u00bbcenter\u00bb use_border_color=\u00bboff\u00bb border_color=\u00bb#ffffff\u00bb border_style=\u00bbsolid\u00bb inline_fonts=\u00bbAlike\u00bb]<\/p>\n<h1 style=\"text-align: center;\"><\/h1>\n<h1 style=\"text-align: center;\"><\/h1>\n<h3 style=\"text-align: center;\"><span style=\"font-size: xx-large; font-family: Alike; font-weight: normal;\">TARIFAS DEL ESTUDIO<\/span><\/h3>\n<hr \/>\n<p>[\/et_pb_text][\/et_pb_column][\/et_pb_row][et_pb_row custom_padding=\u00bb0|0px|0|0px|false|false\u00bb column_padding_mobile=\u00bbon\u00bb parallax_method_1=\u00bboff\u00bb parallax_method_2=\u00bboff\u00bb disabled_on=\u00bboff|off|off\u00bb admin_label=\u00bbFila\u00bb _builder_version=\u00bb3.15&#8243; background_size=\u00bbinitial\u00bb background_position=\u00bbtop_left\u00bb background_repeat=\u00bbrepeat\u00bb][et_pb_column type=\u00bb1_3&#8243; _builder_version=\u00bb3.0.47&#8243; column_padding_mobile=\u00bbon\u00bb parallax=\u00bboff\u00bb parallax_method=\u00bboff\u00bb][et_pb_gallery gallery_ids=\u00bb2469&#8243; fullwidth=\u00bbon\u00bb admin_label=\u00bbGaler\u00eda\u00bb module_id=\u00bbsombra\u00bb _builder_version=\u00bb3.15&#8243; caption_all_caps=\u00bboff\u00bb border_width_all=\u00bb3px\u00bb border_color_all=\u00bb#ffffff\u00bb border_style_all=\u00bbsolid\u00bb filter_saturate=\u00bb158%\u00bb filter_brightness=\u00bb85%\u00bb filter_contrast=\u00bb95%\u00bb child_filter_saturate=\u00bb56%\u00bb child_filter_brightness=\u00bb103%\u00bb child_filter_contrast=\u00bb105%\u00bb use_border_color=\u00bbon\u00bb border_color=\u00bb#ffffff\u00bb border_width=\u00bb3px\u00bb border_style=\u00bbsolid\u00bb custom_margin=\u00bb20px|||\u00bb] [\/et_pb_gallery][\/et_pb_column][et_pb_column type=\u00bb2_3&#8243; _builder_version=\u00bb3.0.47&#8243; column_padding_mobile=\u00bbon\u00bb parallax=\u00bboff\u00bb parallax_method=\u00bboff\u00bb][et_pb_text admin_label=\u00bbTexto\u00bb _builder_version=\u00bb3.0.87&#8243; text_font=\u00bbComing Soon||||\u00bb text_font_size=\u00bb15&#8243; background_size=\u00bbinitial\u00bb background_position=\u00bbtop_left\u00bb background_repeat=\u00bbrepeat\u00bb custom_padding=\u00bb||52px|\u00bb use_border_color=\u00bboff\u00bb border_color=\u00bb#ffffff\u00bb border_style=\u00bbsolid\u00bb]<\/p>\n<div><\/div>\n<div><\/div>\n<h3><\/h3>\n<h3><\/h3>\n<h2><span style=\"font-size: medium;\"><strong><\/strong><\/span><\/h2>\n<h2><span style=\"font-size: medium;\"><strong>Ya sea para la grabaci\u00f3n de solistas, bandas, locuciones, composiciones, trabajos de postproducci\u00f3n (mastering, edici\u00f3n, mezcla) etc&#8230; <\/strong><\/span><\/h2>\n<h2><span style=\"font-size: medium;\"><strong>En Sonora te daremos un precio adaptado a tus necesidades y posibilidades. <\/strong><\/span><\/h2>\n<h2><span style=\"font-size: medium;\"><strong>Pres\u00e9ntanos tu proyecto, cu\u00e9ntanos como quieres que suene, cuanto quieres gastar y te haremos un presupuesto a medida.<\/strong><\/span><\/h2>\n<p>[\/et_pb_text][\/et_pb_column][\/et_pb_row][\/et_pb_section][et_pb_section fb_built=\u00bb1&#8243; custom_padding_last_edited=\u00bbon|desktop\u00bb admin_label=\u00bbSecci\u00f3n\u00bb _builder_version=\u00bb3.0.74&#8243; background_image=\u00bbhttps:\/\/www.sonoramajadahonda.com\/sonorarecords\/sonorarecords\/sonorarecords\/wp-content\/uploads\/2017\/03\/bg.jpg\u00bb custom_padding=\u00bb0|0px|0px|0px|false|false\u00bb custom_padding_tablet=\u00bb50px|0|50px|0&#8243; transparent_background=\u00bboff\u00bb][et_pb_row padding_mobile=\u00bboff\u00bb column_padding_mobile=\u00bbon\u00bb parallax_method_1=\u00bboff\u00bb parallax_method_2=\u00bboff\u00bb disabled_on=\u00bboff|off|off\u00bb admin_label=\u00bbFila\u00bb _builder_version=\u00bb3.15&#8243; background_size=\u00bbinitial\u00bb background_position=\u00bbtop_left\u00bb background_repeat=\u00bbrepeat\u00bb][et_pb_column type=\u00bb1_2&#8243; _builder_version=\u00bb3.0.47&#8243; column_padding_mobile=\u00bbon\u00bb parallax=\u00bboff\u00bb parallax_method=\u00bboff\u00bb][et_pb_text admin_label=\u00bbTexto\u00bb _builder_version=\u00bb3.0.87&#8243; text_font=\u00bb|on|||\u00bb text_font_size=\u00bb15&#8243; text_line_height=\u00bb1.8em\u00bb background_size=\u00bbinitial\u00bb background_position=\u00bbtop_left\u00bb background_repeat=\u00bbrepeat\u00bb use_border_color=\u00bboff\u00bb border_color=\u00bb#ffffff\u00bb border_style=\u00bbsolid\u00bb inline_fonts=\u00bbAlike\u00bb]<\/p>\n<h1><\/h1>\n<hr \/>\n<div><\/div>\n<div><\/div>\n<div><\/div>\n<div><\/div>\n<div><strong>Horas sueltas \u2026&#8230;&#8230;&#8230;&#8230;.\u2026\u2026\u2026\u00a0<span style=\"color: #ff9900;\">35\u20ac<\/span>\u00a0x\u00a0hora<\/strong><\/div>\n<div><strong>Sesi\u00f3n completa (6 horas) \u2026\u2026\u2026\u2026 <span style=\"color: #ff9900;\">200\u20ac<\/span><\/strong><\/div>\n<div><strong>Precios\u00a0Mezcla\u00a0\u2026\u2026&#8230;&#8230;&#8230;&#8230;.\u2026\u2026..\u00a0de <span style=\"color: #ff9900;\">80\u20ac<\/span>\u00a0a <span style=\"color: #ff9900;\">120\u20ac<\/span>\u00a0x tema<\/strong><\/div>\n<div><strong>Precios Mastering\u00a0\u2026\u2026\u2026\u2026\u2026.\u2026\u2026 <span style=\"color: #ff9900;\">60\u20ac<\/span>\u00a0x\u00a0tema<\/strong><\/div>\n<div><\/div>\n<div class=\"et_pb_text et_pb_module et_pb_bg_layout_light et_pb_text_align_left et_pb_text_0\">\n<blockquote>\n<p><strong>*Para trabajos completos (grabaci\u00f3n, edici\u00f3n, mezcla y mastering)<\/strong><\/p>\n<p><strong>Ep\u2019s, Lp\u2019s o conjunto de canciones, pedir presupuesto.<\/strong><\/p>\n<\/blockquote>\n<\/div>\n<p>[\/et_pb_text][et_pb_divider show_divider=\u00bboff\u00bb height=\u00bb33&#8243; disabled_on=\u00bbon|on|off\u00bb admin_label=\u00bbSeparador\u00bb _builder_version=\u00bb3.2&#8243; hide_on_mobile=\u00bbon\u00bb] [\/et_pb_divider][\/et_pb_column][et_pb_column type=\u00bb1_2&#8243; _builder_version=\u00bb3.0.47&#8243; column_padding_mobile=\u00bbon\u00bb parallax=\u00bboff\u00bb parallax_method=\u00bboff\u00bb][et_pb_divider show_divider=\u00bboff\u00bb height=\u00bb0px\u00bb disabled_on=\u00bbon|on|off\u00bb admin_label=\u00bbSeparador\u00bb _builder_version=\u00bb3.15&#8243; hide_on_mobile=\u00bbon\u00bb] [\/et_pb_divider][et_pb_text admin_label=\u00bbTexto\u00bb _builder_version=\u00bb3.0.87&#8243; background_size=\u00bbinitial\u00bb background_position=\u00bbtop_left\u00bb background_repeat=\u00bbrepeat\u00bb custom_margin=\u00bb||66px|\u00bb custom_padding=\u00bb||62px|\u00bb use_border_color=\u00bboff\u00bb border_color=\u00bb#ffffff\u00bb border_style=\u00bbsolid\u00bb] \n\t\t<!-- MasterSlider -->\n\t\t<div id=\"P_MS6a049176dffc3\" class=\"master-slider-parent ms-parent-id-4\" style=\"max-width:600px;\" >\n\n\t\t\t\n\t\t\t<!-- MasterSlider Main -->\n\t\t\t<div id=\"MS6a049176dffc3\" class=\"master-slider ms-skin-default\" >\n\t\t\t\t \t\t\t\t \n\n\t\t\t<div  class=\"ms-slide\" data-delay=\"3\" data-fill-mode=\"fill\"   >\n\n\t\t\t\t\t<img  class=\"ms-layer\" src=\"https:\/\/www.sonoramajadahonda.com\/sonorarecords\/wp-content\/plugins\/masterslider\/public\/assets\/css\/blank.gif\" data-src=\"https:\/\/www.sonoramajadahonda.com\/sonorarecords\/wp-content\/uploads\/2017\/03\/vinyl.png\" alt=\"\" style=\"\"     data-ease=\"easeOutQuint\"        data-type=\"image\"          data-offset-x=\"0\" data-offset-y=\"0\" data-origin=\"tl\"  \/>\n\n\t\t\t\t\t<img  class=\"ms-layer\" src=\"https:\/\/www.sonoramajadahonda.com\/sonorarecords\/wp-content\/plugins\/masterslider\/public\/assets\/css\/blank.gif\" data-src=\"https:\/\/www.sonoramajadahonda.com\/sonorarecords\/wp-content\/uploads\/2017\/03\/vinylmov.gif\" alt=\"\" style=\"\"     data-ease=\"easeOutQuint\"        data-type=\"image\"          data-offset-x=\"163\" data-offset-y=\"136\" data-origin=\"tl\"  \/>\n\n\n\t\t\t\t<\/div>\n\n\t\t\t<\/div>\n\t\t\t<!-- END MasterSlider Main -->\n\n\t\t\t \n\t\t<\/div>\n\t\t<!-- END MasterSlider -->\n\n\t\t<script>\n\t\t( window.MSReady = window.MSReady || [] ).push( function( $ ) {\n\n\t\t\t\"use strict\";\n\t\t\tvar masterslider_ffc3 = new MasterSlider();\n\n\t\t\t\/\/ slider controls\n\t\t\t\/\/ slider setup\n\t\t\tmasterslider_ffc3.setup(\"MS6a049176dffc3\", {\n\t\t\t\twidth           : 600,\n\t\t\t\theight          : 308,\n\t\t\t\tminHeight       : 0,\n\t\t\t\tspace           : 0,\n\t\t\t\tstart           : 1,\n\t\t\t\tgrabCursor      : true,\n\t\t\t\tswipe           : true,\n\t\t\t\tmouse           : true,\n\t\t\t\tkeyboard        : false,\n\t\t\t\tlayout          : \"boxed\",\n\t\t\t\twheel           : false,\n\t\t\t\tautoplay        : false,\n                instantStartLayers:false,\n\t\t\t\tmobileBGVideo:false,\n\t\t\t\tloop            : false,\n\t\t\t\tshuffle         : false,\n\t\t\t\tpreload         : 0,\n\t\t\t\theightLimit     : true,\n\t\t\t\tautoHeight      : false,\n\t\t\t\tsmoothHeight    : true,\n\t\t\t\tendPause        : false,\n\t\t\t\toverPause       : true,\n\t\t\t\tfillMode        : \"fill\",\n\t\t\t\tcenterControls  : true,\n\t\t\t\tstartOnAppear   : false,\n\t\t\t\tlayersMode      : \"center\",\n\t\t\t\tautofillTarget  : \"\",\n\t\t\t\thideLayers      : false,\n\t\t\t\tfullscreenMargin: 0,\n\t\t\t\tspeed           : 20,\n\t\t\t\tdir             : \"h\",\n\t\t\t\tresponsive      : true,\n\t\t\t\ttabletWidth     : 768,\n\t\t\t\ttabletHeight    : null,\n\t\t\t\tphoneWidth      : 480,\n\t\t\t\tphoneHeight    : null,\n\t\t\t\tsizingReference : window,\n\t\t\t\tparallaxMode    : 'swipe',\n\t\t\t\tview            : \"basic\"\n\t\t\t});\n\n\t\t\t\n\t\t\twindow.masterslider_instances = window.masterslider_instances || [];\n\t\t\twindow.masterslider_instances.push( masterslider_ffc3 );\n\t\t});\n\t\t<\/script>\n\n [\/et_pb_text][\/et_pb_column][\/et_pb_row][\/et_pb_section]<\/p>\n","protected":false},"excerpt":{"rendered":"<p>[et_pb_section fb_built=\u00bb1&#8243; custom_padding_last_edited=\u00bbon|desktop\u00bb admin_label=\u00bbSecci\u00f3n\u00bb _builder_version=\u00bb3.0.74&#8243; background_image=\u00bbhttps:\/\/www.sonoramajadahonda.com\/sonorarecords\/sonorarecords\/sonorarecords\/wp-content\/uploads\/2017\/03\/bg.jpg\u00bb custom_padding=\u00bb|0|0||false|false\u00bb custom_padding_tablet=\u00bb50px|0|50px|0&#8243; transparent_background=\u00bboff\u00bb][et_pb_row admin_label=\u00bbFila\u00bb _builder_version=\u00bb3.0.48&#8243; background_size=\u00bbinitial\u00bb background_position=\u00bbtop_left\u00bb background_repeat=\u00bbrepeat\u00bb custom_padding=\u00bb0px|0px|48px|0px|false|false\u00bb][et_pb_column type=\u00bb4_4&#8243; _builder_version=\u00bb3.0.47&#8243; parallax=\u00bboff\u00bb parallax_method=\u00bbon\u00bb][et_pb_divider show_divider=\u00bboff\u00bb height=\u00bb33&#8243; admin_label=\u00bbSeparador\u00bb _builder_version=\u00bb3.2&#8243; hide_on_mobile=\u00bboff\u00bb] [\/et_pb_divider][et_pb_text disabled_on=\u00bboff|off|off\u00bb admin_label=\u00bbTexto\u00bb _builder_version=\u00bb3.15&#8243; background_size=\u00bbinitial\u00bb background_position=\u00bbtop_left\u00bb background_repeat=\u00bbrepeat\u00bb text_orientation=\u00bbcenter\u00bb module_alignment=\u00bbcenter\u00bb use_border_color=\u00bboff\u00bb border_color=\u00bb#ffffff\u00bb border_style=\u00bbsolid\u00bb inline_fonts=\u00bbAlike\u00bb] TARIFAS DEL ESTUDIO [\/et_pb_text][\/et_pb_column][\/et_pb_row][et_pb_row custom_padding=\u00bb0|0px|0|0px|false|false\u00bb column_padding_mobile=\u00bbon\u00bb parallax_method_1=\u00bboff\u00bb parallax_method_2=\u00bboff\u00bb disabled_on=\u00bboff|off|off\u00bb admin_label=\u00bbFila\u00bb _builder_version=\u00bb3.15&#8243; background_size=\u00bbinitial\u00bb background_position=\u00bbtop_left\u00bb background_repeat=\u00bbrepeat\u00bb][et_pb_column type=\u00bb1_3&#8243; _builder_version=\u00bb3.0.47&#8243; column_padding_mobile=\u00bbon\u00bb parallax=\u00bboff\u00bb [&hellip;]<\/p>\n","protected":false},"author":1,"featured_media":0,"parent":0,"menu_order":0,"comment_status":"closed","ping_status":"closed","template":"","meta":{"footnotes":""},"yoast_head":"<!-- This site is optimized with the Yoast SEO plugin v22.6 - https:\/\/yoast.com\/wordpress\/plugins\/seo\/ -->\n<title>ESTUDIO DE GRABACION SONORA MAJADAHONDA, PRECIOS<\/title>\n<meta name=\"description\" content=\"Escuela de m\u00fasica de Sonora en Majadahonda. LLevamos 6 a\u00f1os ofreciendo clases de Bater\u00eda, Bajo, Guitarra, Piano\/Teclado, Canto y Percusi\u00f3n.\" \/>\n<meta name=\"robots\" content=\"index, follow, max-snippet:-1, max-image-preview:large, max-video-preview:-1\" \/>\n<link rel=\"canonical\" href=\"https:\/\/www.sonoramajadahonda.com\/sonorarecords\/escuela-musica-majadahonda-sonora\/\" \/>\n<meta property=\"og:locale\" content=\"es_ES\" \/>\n<meta property=\"og:type\" content=\"article\" \/>\n<meta property=\"og:title\" content=\"ESTUDIO DE GRABACION SONORA MAJADAHONDA, PRECIOS\" \/>\n<meta property=\"og:description\" content=\"Escuela de m\u00fasica de Sonora en Majadahonda. LLevamos 6 a\u00f1os ofreciendo clases de Bater\u00eda, Bajo, Guitarra, Piano\/Teclado, Canto y Percusi\u00f3n.\" \/>\n<meta property=\"og:url\" content=\"https:\/\/www.sonoramajadahonda.com\/sonorarecords\/escuela-musica-majadahonda-sonora\/\" \/>\n<meta property=\"og:site_name\" content=\"Estudio de Grabacion - Sonora - Casa de Musicos\" \/>\n<meta property=\"article:modified_time\" content=\"2024-10-17T14:19:59+00:00\" \/>\n<meta name=\"twitter:card\" content=\"summary_large_image\" \/>\n<meta name=\"twitter:label1\" content=\"Tiempo de lectura\" \/>\n\t<meta name=\"twitter:data1\" content=\"3 minutos\" \/>\n<script type=\"application\/ld+json\" class=\"yoast-schema-graph\">{\"@context\":\"https:\/\/schema.org\",\"@graph\":[{\"@type\":\"WebPage\",\"@id\":\"https:\/\/www.sonoramajadahonda.com\/sonorarecords\/escuela-musica-majadahonda-sonora\/\",\"url\":\"https:\/\/www.sonoramajadahonda.com\/sonorarecords\/escuela-musica-majadahonda-sonora\/\",\"name\":\"ESTUDIO DE GRABACION SONORA MAJADAHONDA, PRECIOS\",\"isPartOf\":{\"@id\":\"https:\/\/www.sonoramajadahonda.com\/sonorarecords\/#website\"},\"datePublished\":\"2017-03-24T11:13:23+00:00\",\"dateModified\":\"2024-10-17T14:19:59+00:00\",\"description\":\"Escuela de m\u00fasica de Sonora en Majadahonda. LLevamos 6 a\u00f1os ofreciendo clases de Bater\u00eda, Bajo, Guitarra, Piano\/Teclado, Canto y Percusi\u00f3n.\",\"breadcrumb\":{\"@id\":\"https:\/\/www.sonoramajadahonda.com\/sonorarecords\/escuela-musica-majadahonda-sonora\/#breadcrumb\"},\"inLanguage\":\"es\",\"potentialAction\":[{\"@type\":\"ReadAction\",\"target\":[\"https:\/\/www.sonoramajadahonda.com\/sonorarecords\/escuela-musica-majadahonda-sonora\/\"]}]},{\"@type\":\"BreadcrumbList\",\"@id\":\"https:\/\/www.sonoramajadahonda.com\/sonorarecords\/escuela-musica-majadahonda-sonora\/#breadcrumb\",\"itemListElement\":[{\"@type\":\"ListItem\",\"position\":1,\"name\":\"Portada\",\"item\":\"https:\/\/www.sonoramajadahonda.com\/sonorarecords\/\"},{\"@type\":\"ListItem\",\"position\":2,\"name\":\"ESTUDIO DE GRABACION SONORA MAJADAHONDA, PRECIOS\"}]},{\"@type\":\"WebSite\",\"@id\":\"https:\/\/www.sonoramajadahonda.com\/sonorarecords\/#website\",\"url\":\"https:\/\/www.sonoramajadahonda.com\/sonorarecords\/\",\"name\":\"Estudio de Grabacion - Sonora - Casa de Musicos\",\"description\":\"Estudio de grabacion, Mezcla, Mastering, Produccion Musical\",\"potentialAction\":[{\"@type\":\"SearchAction\",\"target\":{\"@type\":\"EntryPoint\",\"urlTemplate\":\"https:\/\/www.sonoramajadahonda.com\/sonorarecords\/?s={search_term_string}\"},\"query-input\":\"required name=search_term_string\"}],\"inLanguage\":\"es\"}]}<\/script>\n<!-- \/ Yoast SEO plugin. -->","yoast_head_json":{"title":"ESTUDIO DE GRABACION SONORA MAJADAHONDA, PRECIOS","description":"Escuela de m\u00fasica de Sonora en Majadahonda. LLevamos 6 a\u00f1os ofreciendo clases de Bater\u00eda, Bajo, Guitarra, Piano\/Teclado, Canto y Percusi\u00f3n.","robots":{"index":"index","follow":"follow","max-snippet":"max-snippet:-1","max-image-preview":"max-image-preview:large","max-video-preview":"max-video-preview:-1"},"canonical":"https:\/\/www.sonoramajadahonda.com\/sonorarecords\/escuela-musica-majadahonda-sonora\/","og_locale":"es_ES","og_type":"article","og_title":"ESTUDIO DE GRABACION SONORA MAJADAHONDA, PRECIOS","og_description":"Escuela de m\u00fasica de Sonora en Majadahonda. LLevamos 6 a\u00f1os ofreciendo clases de Bater\u00eda, Bajo, Guitarra, Piano\/Teclado, Canto y Percusi\u00f3n.","og_url":"https:\/\/www.sonoramajadahonda.com\/sonorarecords\/escuela-musica-majadahonda-sonora\/","og_site_name":"Estudio de Grabacion - Sonora - Casa de Musicos","article_modified_time":"2024-10-17T14:19:59+00:00","twitter_card":"summary_large_image","twitter_misc":{"Tiempo de lectura":"3 minutos"},"schema":{"@context":"https:\/\/schema.org","@graph":[{"@type":"WebPage","@id":"https:\/\/www.sonoramajadahonda.com\/sonorarecords\/escuela-musica-majadahonda-sonora\/","url":"https:\/\/www.sonoramajadahonda.com\/sonorarecords\/escuela-musica-majadahonda-sonora\/","name":"ESTUDIO DE GRABACION SONORA MAJADAHONDA, PRECIOS","isPartOf":{"@id":"https:\/\/www.sonoramajadahonda.com\/sonorarecords\/#website"},"datePublished":"2017-03-24T11:13:23+00:00","dateModified":"2024-10-17T14:19:59+00:00","description":"Escuela de m\u00fasica de Sonora en Majadahonda. LLevamos 6 a\u00f1os ofreciendo clases de Bater\u00eda, Bajo, Guitarra, Piano\/Teclado, Canto y Percusi\u00f3n.","breadcrumb":{"@id":"https:\/\/www.sonoramajadahonda.com\/sonorarecords\/escuela-musica-majadahonda-sonora\/#breadcrumb"},"inLanguage":"es","potentialAction":[{"@type":"ReadAction","target":["https:\/\/www.sonoramajadahonda.com\/sonorarecords\/escuela-musica-majadahonda-sonora\/"]}]},{"@type":"BreadcrumbList","@id":"https:\/\/www.sonoramajadahonda.com\/sonorarecords\/escuela-musica-majadahonda-sonora\/#breadcrumb","itemListElement":[{"@type":"ListItem","position":1,"name":"Portada","item":"https:\/\/www.sonoramajadahonda.com\/sonorarecords\/"},{"@type":"ListItem","position":2,"name":"ESTUDIO DE GRABACION SONORA MAJADAHONDA, PRECIOS"}]},{"@type":"WebSite","@id":"https:\/\/www.sonoramajadahonda.com\/sonorarecords\/#website","url":"https:\/\/www.sonoramajadahonda.com\/sonorarecords\/","name":"Estudio de Grabacion - Sonora - Casa de Musicos","description":"Estudio de grabacion, Mezcla, Mastering, Produccion Musical","potentialAction":[{"@type":"SearchAction","target":{"@type":"EntryPoint","urlTemplate":"https:\/\/www.sonoramajadahonda.com\/sonorarecords\/?s={search_term_string}"},"query-input":"required name=search_term_string"}],"inLanguage":"es"}]}},"_links":{"self":[{"href":"https:\/\/www.sonoramajadahonda.com\/sonorarecords\/wp-json\/wp\/v2\/pages\/1337"}],"collection":[{"href":"https:\/\/www.sonoramajadahonda.com\/sonorarecords\/wp-json\/wp\/v2\/pages"}],"about":[{"href":"https:\/\/www.sonoramajadahonda.com\/sonorarecords\/wp-json\/wp\/v2\/types\/page"}],"author":[{"embeddable":true,"href":"https:\/\/www.sonoramajadahonda.com\/sonorarecords\/wp-json\/wp\/v2\/users\/1"}],"replies":[{"embeddable":true,"href":"https:\/\/www.sonoramajadahonda.com\/sonorarecords\/wp-json\/wp\/v2\/comments?post=1337"}],"version-history":[{"count":91,"href":"https:\/\/www.sonoramajadahonda.com\/sonorarecords\/wp-json\/wp\/v2\/pages\/1337\/revisions"}],"predecessor-version":[{"id":2990,"href":"https:\/\/www.sonoramajadahonda.com\/sonorarecords\/wp-json\/wp\/v2\/pages\/1337\/revisions\/2990"}],"wp:attachment":[{"href":"https:\/\/www.sonoramajadahonda.com\/sonorarecords\/wp-json\/wp\/v2\/media?parent=1337"}],"curies":[{"name":"wp","href":"https:\/\/api.w.org\/{rel}","templated":true}]}}